{"id":99,"date":"2022-07-25T13:22:38","date_gmt":"2022-07-25T16:22:38","guid":{"rendered":"https:\/\/santacasasls.com.br\/site\/\/?page_id=99"},"modified":"2022-08-24T10:41:57","modified_gmt":"2022-08-24T13:41:57","slug":"hemodialise","status":"publish","type":"page","link":"https:\/\/santacasasls.com.br\/site\/hemodialise\/","title":{"rendered":"Hemodi\u00e1lise"},"content":{"rendered":"\n<figure class=\"wp-block-gallery has-nested-images columns-default is-cropped wp-block-gallery-1 is-layout-flex wp-block-gallery-is-layout-flex\">\n<figure class=\"wp-block-image size-large\"><a href=\"https:\/\/santacasasls.com.br\/site\/wp-content\/uploads\/2022\/08\/Recepcao-Hemodialise-scaled.jpg\"><img fetchpriority=\"high\" decoding=\"async\" width=\"1024\" height=\"685\" data-id=\"251\" src=\"https:\/\/santacasasls.com.br\/site\/wp-content\/uploads\/2022\/08\/Recepcao-Hemodialise-1024x685.jpg\" alt=\"\" class=\"wp-image-251\" srcset=\"https:\/\/santacasasls.com.br\/site\/wp-content\/uploads\/2022\/08\/Recepcao-Hemodialise-1024x685.jpg 1024w, https:\/\/santacasasls.com.br\/site\/wp-content\/uploads\/2022\/08\/Recepcao-Hemodialise-300x201.jpg 300w, https:\/\/santacasasls.com.br\/site\/wp-content\/uploads\/2022\/08\/Recepcao-Hemodialise-768x513.jpg 768w, https:\/\/santacasasls.com.br\/site\/wp-content\/uploads\/2022\/08\/Recepcao-Hemodialise-1536x1027.jpg 1536w, https:\/\/santacasasls.com.br\/site\/wp-content\/uploads\/2022\/08\/Recepcao-Hemodialise-2048x1369.jpg 2048w\" sizes=\"(max-width: 1024px) 100vw, 1024px\" \/><\/a><figcaption>Recep\u00e7\u00e3o Hemodi\u00e1lise<\/figcaption><\/figure>\n\n\n\n<figure class=\"wp-block-image size-large\"><a href=\"https:\/\/santacasasls.com.br\/site\/wp-content\/uploads\/2022\/08\/Sala-Hemodialise-scaled.jpg\"><img decoding=\"async\" width=\"1024\" height=\"685\" data-id=\"250\" src=\"https:\/\/santacasasls.com.br\/site\/wp-content\/uploads\/2022\/08\/Sala-Hemodialise-1024x685.jpg\" alt=\"\" class=\"wp-image-250\" srcset=\"https:\/\/santacasasls.com.br\/site\/wp-content\/uploads\/2022\/08\/Sala-Hemodialise-1024x685.jpg 1024w, https:\/\/santacasasls.com.br\/site\/wp-content\/uploads\/2022\/08\/Sala-Hemodialise-300x201.jpg 300w, https:\/\/santacasasls.com.br\/site\/wp-content\/uploads\/2022\/08\/Sala-Hemodialise-768x513.jpg 768w, https:\/\/santacasasls.com.br\/site\/wp-content\/uploads\/2022\/08\/Sala-Hemodialise-1536x1027.jpg 1536w, https:\/\/santacasasls.com.br\/site\/wp-content\/uploads\/2022\/08\/Sala-Hemodialise-2048x1369.jpg 2048w\" sizes=\"(max-width: 1024px) 100vw, 1024px\" \/><\/a><figcaption>Sala Hemodi\u00e1lise<\/figcaption><\/figure>\n\n\n\n<figure class=\"wp-block-image size-large\"><a href=\"https:\/\/santacasasls.com.br\/site\/wp-content\/uploads\/2022\/08\/Hemodialise-scaled.jpg\"><img decoding=\"async\" width=\"1024\" height=\"685\" data-id=\"252\" src=\"https:\/\/santacasasls.com.br\/site\/wp-content\/uploads\/2022\/08\/Hemodialise-1024x685.jpg\" alt=\"\" class=\"wp-image-252\" srcset=\"https:\/\/santacasasls.com.br\/site\/wp-content\/uploads\/2022\/08\/Hemodialise-1024x685.jpg 1024w, https:\/\/santacasasls.com.br\/site\/wp-content\/uploads\/2022\/08\/Hemodialise-300x201.jpg 300w, https:\/\/santacasasls.com.br\/site\/wp-content\/uploads\/2022\/08\/Hemodialise-768x513.jpg 768w, https:\/\/santacasasls.com.br\/site\/wp-content\/uploads\/2022\/08\/Hemodialise-1536x1027.jpg 1536w, https:\/\/santacasasls.com.br\/site\/wp-content\/uploads\/2022\/08\/Hemodialise-2048x1369.jpg 2048w\" sizes=\"(max-width: 1024px) 100vw, 1024px\" \/><\/a><figcaption>Hemodi\u00e1lise<\/figcaption><\/figure>\n<\/figure>\n\n\n\n<p><strong>HEMODI\u00c1LISE<\/strong><\/p>\n\n\n\n<p>No setor de Hemodi\u00e1lise da Santa Casa de Miseric\u00f3rdia de S\u00e3o Louren\u00e7o do Sul \u00e9 realizada a Hemodi\u00e1lise, que \u00e9 um procedimento atrav\u00e9s do qual uma m\u00e1quina limpa e filtra o sangue, ou seja, faz parte do trabalho que o rim doente n\u00e3o pode fazer. O procedimento libera o corpo dos res\u00edduos prejudiciais \u00e0 sa\u00fade, como o excesso de sal e de l\u00edquidos. Tamb\u00e9m controla a press\u00e3o arterial e ajuda o corpo a manter o equil\u00edbrio de subst\u00e2ncias como s\u00f3dio, pot\u00e1ssio, ur\u00e9ia e creatinina.<\/p>\n\n\n\n<p><strong>Como funciona a hemodi\u00e1lise?<\/strong><\/p>\n\n\n\n<p>Basicamente, na hemodi\u00e1lise a m\u00e1quina recebe o sangue do paciente por um acesso vascular, que pode ser um cateter (tubo) ou uma f\u00edstula arteriovenosa (liga\u00e7\u00e3o entre uma art\u00e9ria e uma veia, com a inten\u00e7\u00e3o de tornar a veia mais grossa e resistente), e depois \u00e9 impulsionado por uma bomba at\u00e9 o filtro de di\u00e1lise (dialisador). No dialisador o sangue \u00e9 exposto \u00e0 solu\u00e7\u00e3o de di\u00e1lise (dialisato) atrav\u00e9s de uma membrana semiperme\u00e1vel que retira o l\u00edquido e as toxinas em excesso e devolve o sangue limpo para o paciente pelo acesso vascular.<\/p>\n\n\n\n<p><strong>Quem necessita fazer esse tratamento?<\/strong><\/p>\n\n\n\n<p>A hemodi\u00e1lise, assim como a Di\u00e1lise Peritoneal, est\u00e3o indicadas para pacientes com insufici\u00eancia renal aguda ou cr\u00f4nica graves. A escolha entre hemodi\u00e1lise e di\u00e1lise peritoneal depende das condi\u00e7\u00f5es cl\u00ednicas e da escolha do pr\u00f3prio paciente.<\/p>\n\n\n\n<p>A indica\u00e7\u00e3o de iniciar o tratamento \u00e9 feita pelo m\u00e9dico nefrologista, que avalia o seu organismo atrav\u00e9s de:<\/p>\n\n\n\n<ul class=\"wp-block-list\"><li>consulta m\u00e9dica, investigando os seus sintomas e examinando o seu corpo;<\/li><li>dosagem de ureia e creatinina no sangue;<\/li><li>dosagem de pot\u00e1ssio no sangue;<\/li><li>dosagem de \u00e1cidos no sangue;<\/li><li>quantidade de urina produzida durante um dia e uma noite (urina de 24 horas);<\/li><li>c\u00e1lculo da porcentagem de funcionamento dos rins (clearance de creatinina e ur\u00e9ia);<\/li><li>avalia\u00e7\u00e3o de anemia (hemograma, dosagem de ferro, satura\u00e7\u00e3o de ferro e ferritina);<\/li><li>presen\u00e7a de doen\u00e7a \u00f3ssea.<a><\/a><\/li><\/ul>\n\n\n\n<p><strong>DI\u00c1LISE PERITONEAL<\/strong><\/p>\n\n\n\n<p>\u00c9 uma op\u00e7\u00e3o de tratamento atrav\u00e9s do qual o processo ocorre dentro do corpo do paciente, com aux\u00edlio de um filtro natural como substituto da fun\u00e7\u00e3o renal. Esse filtro \u00e9 denominado perit\u00f4nio. \u00c9 uma membrana porosa e semiperme\u00e1vel, que reveste os principais \u00f3rg\u00e3os abdominais. O espa\u00e7o entre esses \u00f3rg\u00e3os \u00e9 a cavidade peritoneal. Um l\u00edquido de di\u00e1lise \u00e9 colocado na cavidade e drenado, atrav\u00e9s de um cateter (tubo flex\u00edvel biocompat\u00edvel).<\/p>\n\n\n\n<p>O cateter \u00e9 permanente e indolor, implantado por meio de uma pequena cirurgia no abd\u00f4men. A solu\u00e7\u00e3o de di\u00e1lise \u00e9 infundida e permanece por um determinado tempo na cavidade peritoneal, e depois drenada. A solu\u00e7\u00e3o entra em contato com o sangue e isso permite que as subst\u00e2ncias que est\u00e3o acumuladas no sangue como ureia, creatinina e pot\u00e1ssio sejam removidas, bem como o excesso de l\u00edquido que n\u00e3o est\u00e1 sendo eliminado pelo rim.<\/p>\n\n\n\n<p><strong>\u00c9 necess\u00e1rio ir ao hospital ou \u00e0 cl\u00ednica para fazer a di\u00e1lise peritoneal?<\/strong><\/p>\n\n\n\n<p>Essa di\u00e1lise permite realizar tratamento em domic\u00edlio. A principal vantagem desse m\u00e9todo \u00e9 que ap\u00f3s um per\u00edodo de treinamento o paciente pode realiz\u00e1-lo em casa, de maneira independente. Um familiar do paciente tamb\u00e9m recebe treinamento para ajudar o paciente quando for necess\u00e1rio.<\/p>\n\n\n\n<p><\/p>\n","protected":false},"excerpt":{"rendered":"<p>HEMODI\u00c1LISE No setor de Hemodi\u00e1lise da Santa Casa de Miseric\u00f3rdia de S\u00e3o Louren\u00e7o do Sul \u00e9 realizada a Hemodi\u00e1lise, que \u00e9 um procedimento atrav\u00e9s do qual uma m\u00e1quina limpa e filtra o sangue, ou seja, faz parte do trabalho que o rim doente n\u00e3o pode fazer. O procedimento libera o corpo dos res\u00edduos prejudiciais \u00e0 [&hellip;]<\/p>\n","protected":false},"author":1,"featured_media":0,"parent":0,"menu_order":0,"comment_status":"closed","ping_status":"closed","template":"","meta":{"_acf_changed":false,"footnotes":""},"class_list":["post-99","page","type-page","status-publish","hentry"],"acf":[],"_links":{"self":[{"href":"https:\/\/santacasasls.com.br\/site\/wp-json\/wp\/v2\/pages\/99","targetHints":{"allow":["GET"]}}],"collection":[{"href":"https:\/\/santacasasls.com.br\/site\/wp-json\/wp\/v2\/pages"}],"about":[{"href":"https:\/\/santacasasls.com.br\/site\/wp-json\/wp\/v2\/types\/page"}],"author":[{"embeddable":true,"href":"https:\/\/santacasasls.com.br\/site\/wp-json\/wp\/v2\/users\/1"}],"replies":[{"embeddable":true,"href":"https:\/\/santacasasls.com.br\/site\/wp-json\/wp\/v2\/comments?post=99"}],"version-history":[{"count":6,"href":"https:\/\/santacasasls.com.br\/site\/wp-json\/wp\/v2\/pages\/99\/revisions"}],"predecessor-version":[{"id":328,"href":"https:\/\/santacasasls.com.br\/site\/wp-json\/wp\/v2\/pages\/99\/revisions\/328"}],"wp:attachment":[{"href":"https:\/\/santacasasls.com.br\/site\/wp-json\/wp\/v2\/media?parent=99"}],"curies":[{"name":"wp","href":"https:\/\/api.w.org\/{rel}","templated":true}]}}