{"id":94,"date":"2022-07-25T13:20:02","date_gmt":"2022-07-25T16:20:02","guid":{"rendered":"https:\/\/santacasasls.com.br\/site\/\/?page_id=94"},"modified":"2022-09-09T11:58:42","modified_gmt":"2022-09-09T14:58:42","slug":"seguranca-do-paciente","status":"publish","type":"page","link":"https:\/\/santacasasls.com.br\/site\/seguranca-do-paciente\/","title":{"rendered":"Seguran\u00e7a do Paciente"},"content":{"rendered":"\n<p>\u00a0\u00a0\u00a0\u00a0\u00a0\u00a0\u00a0\u00a0Visando contribuir para a qualifica\u00e7\u00e3o do cuidado em sa\u00fade, a Santa Casa de Miseric\u00f3rdia de S\u00e3o Louren\u00e7o do Sul, em conformidade com a Portaria Ministerial 529\/2013, conta com a atua\u00e7\u00e3o de um N\u00facleo de Seguran\u00e7a do Paciente (NSP), formado por uma equipe multidisciplinar, o qual institui a\u00e7\u00f5es que incluem promo\u00e7\u00e3o de execu\u00e7\u00e3o e monitoriza\u00e7\u00e3o de medidas com foco na seguran\u00e7a do paciente, tendo como principais tarefas:<\/p>\n\n\n\n<ul class=\"wp-block-list\"><li>Elaborar, implantar, divulgar e manter atualizado o Plano local de Seguran\u00e7a do Paciente.<\/li><li>Implantar os Protocolos de Seguran\u00e7a do Paciente e realizar o monitoramento dos indicadores (guias de implanta\u00e7\u00e3o): Protocolo de Identifica\u00e7\u00e3o do Paciente; Protocolo de Administra\u00e7\u00e3o Segura de Medicamentos; Protocolo de Higieniza\u00e7\u00e3o das m\u00e3os; Protocolo de Preven\u00e7\u00e3o de Les\u00e3o por Press\u00e3o; Protocolo de Cirurgia Segura; Protocolo de Preven\u00e7\u00e3o de Queda.<\/li><li>Participar ativamente do sistema de notifica\u00e7\u00e3o de incidentes do Sistema Nacional de Vigil\u00e2ncia Sanit\u00e1ria.<\/li><li>Incentivar a cultura de seguran\u00e7a do paciente.<\/li><\/ul>\n\n\n\n<p><\/p>\n\n\n\n<p><\/p>\n\n\n\n<p class=\"has-text-align-right\"><\/p>\n","protected":false},"excerpt":{"rendered":"<p>\u00a0\u00a0\u00a0\u00a0\u00a0\u00a0\u00a0\u00a0Visando contribuir para a qualifica\u00e7\u00e3o do cuidado em sa\u00fade, a Santa Casa de Miseric\u00f3rdia de S\u00e3o Louren\u00e7o do Sul, em conformidade com a Portaria Ministerial 529\/2013, conta com a atua\u00e7\u00e3o de um N\u00facleo de Seguran\u00e7a do Paciente (NSP), formado por uma equipe multidisciplinar, o qual institui a\u00e7\u00f5es que incluem promo\u00e7\u00e3o de execu\u00e7\u00e3o e monitoriza\u00e7\u00e3o de [&hellip;]<\/p>\n","protected":false},"author":1,"featured_media":0,"parent":0,"menu_order":0,"comment_status":"closed","ping_status":"closed","template":"","meta":{"_acf_changed":false,"footnotes":""},"class_list":["post-94","page","type-page","status-publish","hentry"],"acf":[],"_links":{"self":[{"href":"https:\/\/santacasasls.com.br\/site\/wp-json\/wp\/v2\/pages\/94","targetHints":{"allow":["GET"]}}],"collection":[{"href":"https:\/\/santacasasls.com.br\/site\/wp-json\/wp\/v2\/pages"}],"about":[{"href":"https:\/\/santacasasls.com.br\/site\/wp-json\/wp\/v2\/types\/page"}],"author":[{"embeddable":true,"href":"https:\/\/santacasasls.com.br\/site\/wp-json\/wp\/v2\/users\/1"}],"replies":[{"embeddable":true,"href":"https:\/\/santacasasls.com.br\/site\/wp-json\/wp\/v2\/comments?post=94"}],"version-history":[{"count":4,"href":"https:\/\/santacasasls.com.br\/site\/wp-json\/wp\/v2\/pages\/94\/revisions"}],"predecessor-version":[{"id":398,"href":"https:\/\/santacasasls.com.br\/site\/wp-json\/wp\/v2\/pages\/94\/revisions\/398"}],"wp:attachment":[{"href":"https:\/\/santacasasls.com.br\/site\/wp-json\/wp\/v2\/media?parent=94"}],"curies":[{"name":"wp","href":"https:\/\/api.w.org\/{rel}","templated":true}]}}