{"id":417,"date":"2022-09-09T13:50:30","date_gmt":"2022-09-09T16:50:30","guid":{"rendered":"https:\/\/santacasasls.com.br\/site\/?page_id=417"},"modified":"2025-04-09T14:53:55","modified_gmt":"2025-04-09T17:53:55","slug":"informacoes-contabeis-e-financeiras","status":"publish","type":"page","link":"https:\/\/santacasasls.com.br\/site\/informacoes-contabeis-e-financeiras\/","title":{"rendered":"Informa\u00e7\u00f5es cont\u00e1beis e financeiras"},"content":{"rendered":"\n<div class=\"wp-block-file\"><a id=\"wp-block-file--media-9e02bac6-467a-48c1-b93e-7626ad382bf1\" href=\"https:\/\/santacasasls.com.br\/site\/wp-content\/uploads\/2024\/11\/Demonstracoes-contabeis-2019.pdf\" target=\"_blank\" rel=\"noreferrer noopener\">Demonstra\u00e7\u00f5es Cont\u00e1beis &#8211; 2019<\/a><\/div>\n\n\n\n<div class=\"wp-block-file\"><a id=\"wp-block-file--media-581e5afe-7c3a-4d6c-bf49-9ad50819a09e\" href=\"https:\/\/santacasasls.com.br\/site\/wp-content\/uploads\/2022\/09\/BALANCO-PATRIMONIAL-ENCERRADO-EM-31.12.2020.pdf\" target=\"_blank\" rel=\"noreferrer noopener\">Demonstra\u00e7\u00f5es Cont\u00e1beis 2020<\/a><\/div>\n\n\n\n<div class=\"wp-block-file\"><a id=\"wp-block-file--media-ddb765e9-db07-4a23-ad70-eb131d6a6c8d\" href=\"https:\/\/santacasasls.com.br\/site\/wp-content\/uploads\/2024\/11\/Demonstracoes-contabeis-2021.pdf\" target=\"_blank\" rel=\"noreferrer noopener\">Demonstra\u00e7\u00f5es Cont\u00e1beis &#8211; 2021<\/a><\/div>\n\n\n\n<div class=\"wp-block-file\"><a id=\"wp-block-file--media-ddb765e9-db07-4a23-ad70-eb131d6a6c8d\" href=\"https:\/\/santacasasls.com.br\/site\/wp-content\/uploads\/2024\/11\/Demonstracoes-Contabeis-2022-3.pdf\" target=\"_blank\" rel=\"noreferrer noopener\">Demonstra\u00e7\u00f5es Cont\u00e1beis &#8211; 2022<\/a><\/div>\n\n\n\n<div class=\"wp-block-file\"><a id=\"wp-block-file--media-eb61c04e-9920-464c-8074-268efa389f5a\" href=\"https:\/\/santacasasls.com.br\/site\/wp-content\/uploads\/2024\/11\/Demonstracoes-Contabeis-2023.pdf\" target=\"_blank\" rel=\"noreferrer noopener\">Demonstra\u00e7\u00f5es Cont\u00e1beis &#8211; 2023<\/a><\/div>\n\n\n\n<div class=\"wp-block-file\"><a id=\"wp-block-file--media-40a2ebc0-bb79-414b-8e86-f307463b4341\" href=\"https:\/\/santacasasls.com.br\/site\/wp-content\/uploads\/2025\/04\/Balanco-Patrimonial-encerrado-em-31.12.2024_removed-1-1.pdf\" target=\"_blank\" rel=\"noreferrer noopener\">Demonstra\u00e7\u00f5es Cont\u00e1beis &#8211; 2024_<\/a><\/div>\n\n\n\n<p><\/p>\n","protected":false},"excerpt":{"rendered":"","protected":false},"author":1,"featured_media":0,"parent":0,"menu_order":0,"comment_status":"closed","ping_status":"closed","template":"","meta":{"_acf_changed":false,"footnotes":""},"class_list":["post-417","page","type-page","status-publish","hentry"],"acf":[],"_links":{"self":[{"href":"https:\/\/santacasasls.com.br\/site\/wp-json\/wp\/v2\/pages\/417","targetHints":{"allow":["GET"]}}],"collection":[{"href":"https:\/\/santacasasls.com.br\/site\/wp-json\/wp\/v2\/pages"}],"about":[{"href":"https:\/\/santacasasls.com.br\/site\/wp-json\/wp\/v2\/types\/page"}],"author":[{"embeddable":true,"href":"https:\/\/santacasasls.com.br\/site\/wp-json\/wp\/v2\/users\/1"}],"replies":[{"embeddable":true,"href":"https:\/\/santacasasls.com.br\/site\/wp-json\/wp\/v2\/comments?post=417"}],"version-history":[{"count":15,"href":"https:\/\/santacasasls.com.br\/site\/wp-json\/wp\/v2\/pages\/417\/revisions"}],"predecessor-version":[{"id":727,"href":"https:\/\/santacasasls.com.br\/site\/wp-json\/wp\/v2\/pages\/417\/revisions\/727"}],"wp:attachment":[{"href":"https:\/\/santacasasls.com.br\/site\/wp-json\/wp\/v2\/media?parent=417"}],"curies":[{"name":"wp","href":"https:\/\/api.w.org\/{rel}","templated":true}]}}