{"id":152,"date":"2022-07-27T09:18:55","date_gmt":"2022-07-27T12:18:55","guid":{"rendered":"https:\/\/santacasasls.com.br\/site\/\/?page_id=152"},"modified":"2022-10-05T16:27:46","modified_gmt":"2022-10-05T19:27:46","slug":"carta-ao-paciente","status":"publish","type":"page","link":"https:\/\/santacasasls.com.br\/site\/carta-ao-paciente\/","title":{"rendered":"Carta ao Paciente"},"content":{"rendered":"\n<p>A Carta ao Paciente Internado \u00e9 um servi\u00e7o disponibilizado pelo Hospital Santa Casa de Miseric\u00f3rdia de S\u00e3o Louren\u00e7o do Sul \u00e0quelas pessoas que encontram-se impossibilitadas de visitar seu familiar e\/ou amigo internado na institui\u00e7\u00e3o. Atrav\u00e9s deste espa\u00e7o voc\u00ea pode enviar recados e votos de pronta recupera\u00e7\u00e3o. Lembre-se: sua lembran\u00e7a contribuir\u00e1, significativamente, para a recupera\u00e7\u00e3o do seu ente querido.<\/p>\n\n\n\n<p>Regulamento<\/p>\n\n\n\n<p>Fica estabelecido que as mensagens chegar\u00e3o aos seus destinat\u00e1rios impressas. Vale frisar que o Hospital se responsabiliza em entregar, no hor\u00e1rio comercial, e em at\u00e9 48 horas. Ap\u00f3s esse hor\u00e1rio, as mensagens ficam para o dia seguinte, ou ainda, no caso de fim de semana, para a segunda-feira. Caso o paciente n\u00e3o se encontre mais na institui\u00e7\u00e3o, a casa de sa\u00fade n\u00e3o se responsabiliza por reencaminh\u00e1-las.<\/p>\n\n\n\n<p><\/p>\n\n\n\n<p>Seus dados:<\/p>\n\n\n\n<div class=\"wpcf7 no-js\" id=\"wpcf7-f201-o1\" lang=\"pt-BR\" dir=\"ltr\" data-wpcf7-id=\"201\">\n<div class=\"screen-reader-response\"><p role=\"status\" aria-live=\"polite\" aria-atomic=\"true\"><\/p> <ul><\/ul><\/div>\n<form action=\"\/site\/wp-json\/wp\/v2\/pages\/152#wpcf7-f201-o1\" method=\"post\" class=\"wpcf7-form init\" aria-label=\"Formul\u00e1rios de contato\" enctype=\"multipart\/form-data\" novalidate=\"novalidate\" data-status=\"init\">\n<div style=\"display: none;\">\n<input type=\"hidden\" name=\"_wpcf7\" value=\"201\" \/>\n<input type=\"hidden\" name=\"_wpcf7_version\" value=\"6.0.3\" \/>\n<input type=\"hidden\" name=\"_wpcf7_locale\" value=\"pt_BR\" \/>\n<input type=\"hidden\" name=\"_wpcf7_unit_tag\" value=\"wpcf7-f201-o1\" \/>\n<input type=\"hidden\" name=\"_wpcf7_container_post\" value=\"0\" \/>\n<input type=\"hidden\" name=\"_wpcf7_posted_data_hash\" value=\"\" \/>\n<\/div>\n<div class=\"form-group col col-sm-10 col-md-8\">\n\t<p><label for=\"nome\">Nome Completo *: <\/label><br \/>\n<span class=\"wpcf7-form-control-wrap\" data-name=\"nome\"><input size=\"40\" maxlength=\"400\" class=\"wpcf7-form-control wpcf7-text wpcf7-validates-as-required form-control\" id=\"nome\" aria-required=\"true\" aria-invalid=\"false\" value=\"\" type=\"text\" name=\"nome\" \/><\/span>\n\t<\/p>\n<\/div>\n<div class=\"form-group col col-sm-10 col-md-8\">\n\t<p><label for=\"email\">Email: <\/label><br \/>\n<span class=\"wpcf7-form-control-wrap\" data-name=\"email\"><input size=\"40\" maxlength=\"400\" class=\"wpcf7-form-control wpcf7-email wpcf7-text wpcf7-validates-as-email form-control\" id=\"email\" aria-invalid=\"false\" value=\"\" type=\"email\" name=\"email\" \/><\/span>\n\t<\/p>\n<\/div>\n<div class=\"form-group col col-sm-10 col-md-8\">\n\t<p><label for=\"telefone\">Telefone *: <\/label><br \/>\n<span class=\"wpcf7-form-control-wrap\" data-name=\"telefone\"><input size=\"40\" maxlength=\"400\" class=\"wpcf7-form-control wpcf7-tel wpcf7-validates-as-required wpcf7-text wpcf7-validates-as-tel form-control\" id=\"telefone\" aria-required=\"true\" aria-invalid=\"false\" value=\"\" type=\"tel\" name=\"telefone\" \/><\/span>\n\t<\/p>\n<\/div>\n<div class=\"form-group col col-sm-10 col-md-8\">\n<hr \/>\n<\/div>\n<p>Dados do Paciente:\n<\/p>\n<div class=\"form-group col col-sm-10 col-md-8\">\n\t<p><label for=\"paciente\">Nome Completo *: <\/label><br \/>\n<span class=\"wpcf7-form-control-wrap\" data-name=\"paciente\"><input size=\"40\" maxlength=\"400\" class=\"wpcf7-form-control wpcf7-text wpcf7-validates-as-required form-control\" id=\"paciente\" aria-required=\"true\" aria-invalid=\"false\" value=\"\" type=\"text\" name=\"paciente\" \/><\/span>\n\t<\/p>\n<\/div>\n<div class=\"form-group col col-sm-10 col-md-8\">\n\t<p><label for=\"setor\">Ala\/Setor de Interna\u00e7\u00e3o do Paciente: <\/label><br \/>\n<span class=\"wpcf7-form-control-wrap\" data-name=\"setor\"><select class=\"wpcf7-form-control wpcf7-select form-control\" id=\"setor\" aria-invalid=\"false\" name=\"setor\"><option value=\"Desconhe\u00e7o\">Desconhe\u00e7o<\/option><option value=\"Maternidade (Posto 2)\">Maternidade (Posto 2)<\/option><option value=\"Cl\u00ednica M\u00e9dica (Posto 1)\">Cl\u00ednica M\u00e9dica (Posto 1)<\/option><option value=\"Psiquiatria (Posto 4)\">Psiquiatria (Posto 4)<\/option><option value=\"Psiquiatria \u00c1lcool e Drogas (Posto 5)\">Psiquiatria \u00c1lcool e Drogas (Posto 5)<\/option><option value=\"Psiquiatria Infanto-juvenil (Posto 3)\">Psiquiatria Infanto-juvenil (Posto 3)<\/option><\/select><\/span>\n\t<\/p>\n<\/div>\n<div class=\"form-group col col-sm-10 col-md-8\">\n\t<p><label for=\"nome\">Leito: <\/label><br \/>\n<span class=\"wpcf7-form-control-wrap\" data-name=\"leito\"><input size=\"40\" maxlength=\"400\" class=\"wpcf7-form-control wpcf7-text form-control\" id=\"leito\" aria-invalid=\"false\" value=\"\" type=\"text\" name=\"leito\" \/><\/span>\n\t<\/p>\n<\/div>\n<div class=\"form-group col col-sm-10 col-md-8\">\n\t<p><label for=\"mensagem\">Mensagem *: <\/label><br \/>\n<span class=\"wpcf7-form-control-wrap\" data-name=\"mensagem\"><textarea cols=\"40\" rows=\"10\" maxlength=\"2000\" class=\"wpcf7-form-control wpcf7-textarea wpcf7-validates-as-required form-control\" id=\"mensagem\" aria-required=\"true\" aria-invalid=\"false\" name=\"mensagem\"><\/textarea><\/span>\n\t<\/p>\n<\/div>\n<div class=\"form-group col col-sm-10 col-md-8\">\n\t<p><label for=\"imagem\">Anexar Imagem: <\/label><br \/>\n<span class=\"wpcf7-form-control-wrap\" data-name=\"imagem\"><input size=\"40\" class=\"wpcf7-form-control wpcf7-file form-control\" id=\"imagem\" accept=\".jpg,.jpeg,.png,.gif,.bmp,.tiff\" aria-invalid=\"false\" type=\"file\" name=\"imagem\" \/><\/span>\n\t<\/p>\n<\/div>\n<div class=\"form-group col col-sm-10 col-md-8\">\n\t<p><input class=\"wpcf7-form-control wpcf7-submit has-spinner btn-block btn btn-primary btn-lg\" type=\"submit\" value=\"Enviar\" \/>\n\t<\/p>\n<\/div><div class=\"wpcf7-response-output\" aria-hidden=\"true\"><\/div>\n<\/form>\n<\/div>\n\n","protected":false},"excerpt":{"rendered":"<p>A Carta ao Paciente Internado \u00e9 um servi\u00e7o disponibilizado pelo Hospital Santa Casa de Miseric\u00f3rdia de S\u00e3o Louren\u00e7o do Sul \u00e0quelas pessoas que encontram-se impossibilitadas de visitar seu familiar e\/ou amigo internado na institui\u00e7\u00e3o. Atrav\u00e9s deste espa\u00e7o voc\u00ea pode enviar recados e votos de pronta recupera\u00e7\u00e3o. Lembre-se: sua lembran\u00e7a contribuir\u00e1, significativamente, para a recupera\u00e7\u00e3o do [&hellip;]<\/p>\n","protected":false},"author":1,"featured_media":0,"parent":0,"menu_order":0,"comment_status":"closed","ping_status":"closed","template":"","meta":{"_acf_changed":false,"footnotes":""},"class_list":["post-152","page","type-page","status-publish","hentry"],"acf":[],"_links":{"self":[{"href":"https:\/\/santacasasls.com.br\/site\/wp-json\/wp\/v2\/pages\/152","targetHints":{"allow":["GET"]}}],"collection":[{"href":"https:\/\/santacasasls.com.br\/site\/wp-json\/wp\/v2\/pages"}],"about":[{"href":"https:\/\/santacasasls.com.br\/site\/wp-json\/wp\/v2\/types\/page"}],"author":[{"embeddable":true,"href":"https:\/\/santacasasls.com.br\/site\/wp-json\/wp\/v2\/users\/1"}],"replies":[{"embeddable":true,"href":"https:\/\/santacasasls.com.br\/site\/wp-json\/wp\/v2\/comments?post=152"}],"version-history":[{"count":5,"href":"https:\/\/santacasasls.com.br\/site\/wp-json\/wp\/v2\/pages\/152\/revisions"}],"predecessor-version":[{"id":604,"href":"https:\/\/santacasasls.com.br\/site\/wp-json\/wp\/v2\/pages\/152\/revisions\/604"}],"wp:attachment":[{"href":"https:\/\/santacasasls.com.br\/site\/wp-json\/wp\/v2\/media?parent=152"}],"curies":[{"name":"wp","href":"https:\/\/api.w.org\/{rel}","templated":true}]}}