{"id":134,"date":"2022-07-25T14:27:49","date_gmt":"2022-07-25T17:27:49","guid":{"rendered":"https:\/\/santacasasls.com.br\/site\/\/?page_id=134"},"modified":"2022-07-25T14:30:02","modified_gmt":"2022-07-25T17:30:02","slug":"diretoria-atual","status":"publish","type":"page","link":"https:\/\/santacasasls.com.br\/site\/diretoria-atual\/","title":{"rendered":"Diretoria Atual"},"content":{"rendered":"\n<p><strong>Mesa Diretiva &#8211; Gest\u00e3o 2022-2024<\/strong><\/p>\n\n\n\n<figure class=\"wp-block-table\"><table><tbody><tr><td><\/td><td><\/td><td><\/td><td><\/td><\/tr><tr><td>Herberto Buss<\/td><td>Paulo Roberto Soares de Soares<\/td><td>M\u00e1rio Roberto Sica<\/td><td>Cristiano Kr\u00fcger Altenburg<\/td><\/tr><tr><td><strong><em>Presidente<\/em><\/strong><\/td><td><strong><em>Vice-Presidente<\/em><\/strong><\/td><td><strong><em>Secret\u00e1rio<\/em><\/strong><\/td><td><strong><em>Tesoureiro<\/em><\/strong><\/td><\/tr><tr><td><\/td><td><\/td><td><\/td><td><\/td><\/tr><tr><td>Silvestre Klering<\/td><td>S\u00e9rgio Geraldo Silveira da Luz<\/td><td>N\u00e9lcio Borck<\/td><td><\/td><\/tr><tr><td><strong><em>Conselheiro<\/em><\/strong><\/td><td><strong><em>Conselheiro<\/em><\/strong><\/td><td><strong><em>Conselheiro<\/em><\/strong><\/td><td><\/td><\/tr><tr><td><\/td><td><\/td><td><\/td><td><\/td><\/tr><tr><td>Everton Luiz Moreira Dieckmann<\/td><td>Jos\u00e9 do Carmo Soares Bammann<\/td><td>Mahmoud Mustafa Salama Amer<\/td><td>Ant\u00f4nio Tadeu Neutzling<\/td><\/tr><tr><td><strong><em>Conselheiro Suplente<\/em><\/strong><\/td><td><strong><em>Conselheiro Suplente<\/em><\/strong><\/td><td><strong><em>Conselheiro Suplente<\/em><\/strong><\/td><td><strong><em>Conselheiro Suplente<\/em><\/strong><\/td><\/tr><tr><td><\/td><td><\/td><td><\/td><td><\/td><\/tr><tr><td>Carmem Peglow<\/td><td>Augusto Loiracy Spiering<\/td><td>Armando Gon\u00e7alves<\/td><td><\/td><\/tr><tr><td><strong><em>Conselheiro Fiscal Titular<\/em><\/strong><\/td><td><strong><em>Conselheiro Fiscal Titular<\/em><\/strong><\/td><td><strong><em>Conselheiro Fiscal Titular<\/em><\/strong><\/td><td><\/td><\/tr><tr><td><\/td><td><\/td><td><\/td><td><\/td><\/tr><tr><td>Cl\u00e1udio Machado Soares<\/td><td>Jo\u00e3o Leonardo Schaun<\/td><td>Gustavo de Souza Ferreira<\/td><td><\/td><\/tr><tr><td><strong><em>Conselheiro Fiscal Suplente<\/em><\/strong><\/td><td><strong><em>Conselheiro Fiscal Suplente<\/em><\/strong><\/td><td><strong><em>Conselheiro Fiscal Suplente<\/em><\/strong><\/td><td><\/td><\/tr><\/tbody><\/table><\/figure>\n","protected":false},"excerpt":{"rendered":"<p>Mesa Diretiva &#8211; Gest\u00e3o 2022-2024 Herberto Buss Paulo Roberto Soares de Soares M\u00e1rio Roberto Sica Cristiano Kr\u00fcger Altenburg Presidente Vice-Presidente Secret\u00e1rio Tesoureiro Silvestre Klering S\u00e9rgio Geraldo Silveira da Luz N\u00e9lcio Borck Conselheiro Conselheiro Conselheiro Everton Luiz Moreira Dieckmann Jos\u00e9 do Carmo Soares Bammann Mahmoud Mustafa Salama Amer Ant\u00f4nio Tadeu Neutzling Conselheiro Suplente Conselheiro Suplente Conselheiro [&hellip;]<\/p>\n","protected":false},"author":1,"featured_media":0,"parent":0,"menu_order":0,"comment_status":"closed","ping_status":"closed","template":"","meta":{"_acf_changed":false,"footnotes":""},"class_list":["post-134","page","type-page","status-publish","hentry"],"acf":[],"_links":{"self":[{"href":"https:\/\/santacasasls.com.br\/site\/wp-json\/wp\/v2\/pages\/134","targetHints":{"allow":["GET"]}}],"collection":[{"href":"https:\/\/santacasasls.com.br\/site\/wp-json\/wp\/v2\/pages"}],"about":[{"href":"https:\/\/santacasasls.com.br\/site\/wp-json\/wp\/v2\/types\/page"}],"author":[{"embeddable":true,"href":"https:\/\/santacasasls.com.br\/site\/wp-json\/wp\/v2\/users\/1"}],"replies":[{"embeddable":true,"href":"https:\/\/santacasasls.com.br\/site\/wp-json\/wp\/v2\/comments?post=134"}],"version-history":[{"count":3,"href":"https:\/\/santacasasls.com.br\/site\/wp-json\/wp\/v2\/pages\/134\/revisions"}],"predecessor-version":[{"id":138,"href":"https:\/\/santacasasls.com.br\/site\/wp-json\/wp\/v2\/pages\/134\/revisions\/138"}],"wp:attachment":[{"href":"https:\/\/santacasasls.com.br\/site\/wp-json\/wp\/v2\/media?parent=134"}],"curies":[{"name":"wp","href":"https:\/\/api.w.org\/{rel}","templated":true}]}}