{"id":132,"date":"2022-07-25T14:14:31","date_gmt":"2022-07-25T17:14:31","guid":{"rendered":"https:\/\/santacasasls.com.br\/site\/\/?page_id=132"},"modified":"2022-10-06T15:12:39","modified_gmt":"2022-10-06T18:12:39","slug":"corpo-clinico-atual","status":"publish","type":"page","link":"https:\/\/santacasasls.com.br\/site\/corpo-clinico-atual\/","title":{"rendered":"Corpo Cl\u00ednico Atual"},"content":{"rendered":"\n<figure class=\"wp-block-table\"><table><tbody><tr><td><strong>N\u00ba CRM<\/strong><\/td><td><strong>NOME DO M\u00c9DICO<\/strong><\/td><td><strong>ESPECIALIDADE<\/strong><\/td><\/tr><tr><td>14754<\/td><td>Adolfo Luiz Falc\u00e3o Sparenberg<\/td><td>Cardiologia<\/td><\/tr><tr><td>24941<\/td><td>Ana Guerda Klumb<\/td><td>Gineco-Obstetricia<\/td><\/tr><tr><td>11694<\/td><td>Alcir Martins Iuppen<\/td><td>Anestesiologia\/Cl\u00ednica<\/td><\/tr><tr><td>26178<\/td><td>Arthur Vinicius Gouv\u00eaa<\/td><td>Cirurgi\u00e3o Geral<\/td><\/tr><tr><td>37193<\/td><td>Antonio Boesche Aleixo<\/td><td>Cirurgi\u00e3o Geral<\/td><\/tr><tr><td>8145<\/td><td>Cezar Rog\u00e9rio Valiati<\/td><td>Cl\u00ednica Geral\/Plantonista do PA<\/td><\/tr><tr><td>17085<\/td><td>Clarice Wetzel Silveira<\/td><td>Gineco-Obstetricia<\/td><\/tr><tr><td>39740<\/td><td>Daniele D&#8217;Amico Roberto<\/td><td>Cirurgia Geral<\/td><\/tr><tr><td>21538<\/td><td>Eduardo Kern<\/td><td>Pediatria<\/td><\/tr><tr><td>17791<\/td><td>Flavia Raupp<\/td><td>Pediatria<\/td><\/tr><tr><td>13726<\/td><td>Flavio Resmini<\/td><td>Psiquiatria<\/td><\/tr><tr><td>12544<\/td><td>Francine Beatriz F.W. Wiemann<\/td><td>Pediatria<\/td><\/tr><tr><td>30022<\/td><td>Gustavo Schneid da Silveira<\/td><td>Cl\u00ednica Geral\/Plantonista do PA<\/td><\/tr><tr><td>19465<\/td><td>Henri Jackson Knierin de Quadros<\/td><td>Otorrinolaringologista<\/td><\/tr><tr><td>37514<\/td><td>Henrique Bubolz Bohm<\/td><td>Cl\u00ednica Geral\/Plantonista do PA<\/td><\/tr><tr><td>19718<\/td><td>Icaro Maia Abreu<\/td><td>Radiologia<\/td><\/tr><tr><td>39928<\/td><td>Ivanise de Almeida Duarte<\/td><td>Nefrologista<\/td><\/tr><tr><td>21273<\/td><td>Jorge Luis Xavier Moshoutis<\/td><td>Cirurgi\u00e3o Geral<\/td><\/tr><tr><td>20445<\/td><td>Jos\u00e9 Fernando Saalfeld<\/td><td>Cl\u00ednica Geral<\/td><\/tr><tr><td>45976<\/td><td>Leonardo Mendes Nogueira<\/td><td>Gineco-Obstetricia<\/td><\/tr><tr><td>39576<\/td><td>Leopoldo Augusto Scheifer<\/td><td>Traumato-Ortopedia<\/td><\/tr><tr><td>50147<\/td><td>Leticia de Oliveira<\/td><td>Radiologia<\/td><\/tr><tr><td>36092<\/td><td>Lisiane Specht Iuppen Maass<\/td><td>Anestesiologia<\/td><\/tr><tr><td>20821<\/td><td>Luis Fernando Cury Remi\u00e3o<\/td><td>Cl\u00ednica Geral\/Plantonista do PA<\/td><\/tr><tr><td>14494<\/td><td>Luiz Renato Coelho<\/td><td>Cl\u00ednica Geral<\/td><\/tr><tr><td>8995<\/td><td>Margareth S.S Prietto<\/td><td>Gineco-Obstetricia<\/td><\/tr><tr><td>15066<\/td><td>M\u00e1rio Cezar de Borba<\/td><td>Traumato-Ortopedia<\/td><\/tr><tr><td>15973<\/td><td>Mario Strelow<\/td><td>Cl\u00ednica Geral\/Plantonista do PA<\/td><\/tr><tr><td>5498<\/td><td>N\u00e1urio Flavio Dutra Machado<\/td><td>Cardiologia<\/td><\/tr><tr><td>14458<\/td><td>Neuza Maria Ely<\/td><td>Gineco-Obstetricia<\/td><\/tr><tr><td>8631<\/td><td>Orfelino Guimar\u00e3es da Silveira<\/td><td>Gineco-Obstetricia<\/td><\/tr><tr><td>39791<\/td><td>Ricardo Sanchez Holz<\/td><td>Traumato-Ortopedia<\/td><\/tr><tr><td>38903<\/td><td>Samantha Lazarroto Lima<\/td><td>Cl\u00ednica Geral\/Plantonista do PA<\/td><\/tr><tr><td>37803<\/td><td>Thiago Le\u00e3o Aguilar Terres<\/td><td>Psiquiatria<\/td><\/tr><tr><td>14722<\/td><td>Vera Regina Levien<\/td><td>Pediatria<\/td><\/tr><tr><td>36910<\/td><td>Vinicius Alano de Ataides<\/td><td>Nefrologista<\/td><\/tr><\/tbody><\/table><\/figure>\n","protected":false},"excerpt":{"rendered":"<p>N\u00ba CRM NOME DO M\u00c9DICO ESPECIALIDADE 14754 Adolfo Luiz Falc\u00e3o Sparenberg Cardiologia 24941 Ana Guerda Klumb Gineco-Obstetricia 11694 Alcir Martins Iuppen Anestesiologia\/Cl\u00ednica 26178 Arthur Vinicius Gouv\u00eaa Cirurgi\u00e3o Geral 37193 Antonio Boesche Aleixo Cirurgi\u00e3o Geral 8145 Cezar Rog\u00e9rio Valiati Cl\u00ednica Geral\/Plantonista do PA 17085 Clarice Wetzel Silveira Gineco-Obstetricia 39740 Daniele D&#8217;Amico Roberto Cirurgia Geral 21538 Eduardo [&hellip;]<\/p>\n","protected":false},"author":1,"featured_media":0,"parent":0,"menu_order":0,"comment_status":"closed","ping_status":"closed","template":"","meta":{"_acf_changed":false,"footnotes":""},"class_list":["post-132","page","type-page","status-publish","hentry"],"acf":[],"_links":{"self":[{"href":"https:\/\/santacasasls.com.br\/site\/wp-json\/wp\/v2\/pages\/132","targetHints":{"allow":["GET"]}}],"collection":[{"href":"https:\/\/santacasasls.com.br\/site\/wp-json\/wp\/v2\/pages"}],"about":[{"href":"https:\/\/santacasasls.com.br\/site\/wp-json\/wp\/v2\/types\/page"}],"author":[{"embeddable":true,"href":"https:\/\/santacasasls.com.br\/site\/wp-json\/wp\/v2\/users\/1"}],"replies":[{"embeddable":true,"href":"https:\/\/santacasasls.com.br\/site\/wp-json\/wp\/v2\/comments?post=132"}],"version-history":[{"count":6,"href":"https:\/\/santacasasls.com.br\/site\/wp-json\/wp\/v2\/pages\/132\/revisions"}],"predecessor-version":[{"id":547,"href":"https:\/\/santacasasls.com.br\/site\/wp-json\/wp\/v2\/pages\/132\/revisions\/547"}],"wp:attachment":[{"href":"https:\/\/santacasasls.com.br\/site\/wp-json\/wp\/v2\/media?parent=132"}],"curies":[{"name":"wp","href":"https:\/\/api.w.org\/{rel}","templated":true}]}}