{"id":121,"date":"2022-07-25T13:40:47","date_gmt":"2022-07-25T16:40:47","guid":{"rendered":"https:\/\/santacasasls.com.br\/site\/\/?page_id=121"},"modified":"2022-08-17T08:43:53","modified_gmt":"2022-08-17T11:43:53","slug":"institucional","status":"publish","type":"page","link":"https:\/\/santacasasls.com.br\/site\/institucional\/","title":{"rendered":"Institucional"},"content":{"rendered":"\n<p><a href=\"https:\/\/santacasasls.com.br\/site\/certificacoes\/\" data-type=\"page\" data-id=\"124\" target=\"_blank\" rel=\"noreferrer noopener\">Certifica\u00e7\u00f5es<\/a><\/p>\n\n\n\n<p><a href=\"https:\/\/santacasasls.com.br\/site\/comissoes\/\" data-type=\"page\" data-id=\"130\" target=\"_blank\" rel=\"noreferrer noopener\">Comiss\u00f5es<\/a><\/p>\n\n\n\n<p><a href=\"https:\/\/santacasasls.com.br\/site\/corpo-clinico\/\" data-type=\"page\" data-id=\"132\" target=\"_blank\" rel=\"noreferrer noopener\">Corpo Cl\u00ednico<\/a><\/p>\n\n\n\n<p><a href=\"https:\/\/santacasasls.com.br\/site\/diretoria-atual\/\" data-type=\"page\" data-id=\"134\" target=\"_blank\" rel=\"noreferrer noopener\">Diretoria Atual<\/a><\/p>\n\n\n\n<p><a href=\"https:\/\/santacasasls.com.br\/site\/historia\/\" data-type=\"page\" data-id=\"141\" target=\"_blank\" rel=\"noreferrer noopener\">Hist\u00f3ria<\/a><\/p>\n\n\n\n<p><a href=\"https:\/\/santacasasls.com.br\/site\/missao-visao-e-valores\/\" data-type=\"page\" data-id=\"143\" target=\"_blank\" rel=\"noreferrer noopener\">Miss\u00e3o, vis\u00e3o e valores<\/a><\/p>\n\n\n\n<p><a href=\"https:\/\/santacasasls.com.br\/site\/provedores-e-presidentes\/\" data-type=\"page\" data-id=\"215\" target=\"_blank\" rel=\"noreferrer noopener\">Presidentes e Provedores<\/a><\/p>\n","protected":false},"excerpt":{"rendered":"<p>Certifica\u00e7\u00f5es Comiss\u00f5es Corpo Cl\u00ednico Diretoria Atual Hist\u00f3ria Miss\u00e3o, vis\u00e3o e valores Presidentes e Provedores<\/p>\n","protected":false},"author":1,"featured_media":0,"parent":0,"menu_order":0,"comment_status":"closed","ping_status":"closed","template":"","meta":{"_acf_changed":false,"footnotes":""},"class_list":["post-121","page","type-page","status-publish","hentry"],"acf":[],"_links":{"self":[{"href":"https:\/\/santacasasls.com.br\/site\/wp-json\/wp\/v2\/pages\/121","targetHints":{"allow":["GET"]}}],"collection":[{"href":"https:\/\/santacasasls.com.br\/site\/wp-json\/wp\/v2\/pages"}],"about":[{"href":"https:\/\/santacasasls.com.br\/site\/wp-json\/wp\/v2\/types\/page"}],"author":[{"embeddable":true,"href":"https:\/\/santacasasls.com.br\/site\/wp-json\/wp\/v2\/users\/1"}],"replies":[{"embeddable":true,"href":"https:\/\/santacasasls.com.br\/site\/wp-json\/wp\/v2\/comments?post=121"}],"version-history":[{"count":2,"href":"https:\/\/santacasasls.com.br\/site\/wp-json\/wp\/v2\/pages\/121\/revisions"}],"predecessor-version":[{"id":237,"href":"https:\/\/santacasasls.com.br\/site\/wp-json\/wp\/v2\/pages\/121\/revisions\/237"}],"wp:attachment":[{"href":"https:\/\/santacasasls.com.br\/site\/wp-json\/wp\/v2\/media?parent=121"}],"curies":[{"name":"wp","href":"https:\/\/api.w.org\/{rel}","templated":true}]}}