{"id":111,"date":"2022-07-25T13:27:39","date_gmt":"2022-07-25T16:27:39","guid":{"rendered":"https:\/\/santacasasls.com.br\/site\/\/?page_id=111"},"modified":"2022-07-25T13:27:39","modified_gmt":"2022-07-25T16:27:39","slug":"servico-social","status":"publish","type":"page","link":"https:\/\/santacasasls.com.br\/site\/servico-social\/","title":{"rendered":"Servi\u00e7o Social"},"content":{"rendered":"\n<p>O atendimento do Servi\u00e7o Social na Santa Casa de Miseric\u00f3rdia \u00e9 realizado por demanda espont\u00e2nea e consultorias.No atendimento assistencial,o profissional presta aux\u00edlio aos pacientes e familiares, de acordo com as singularidades e particularidades de cada caso.<\/p>\n\n\n\n<p>O setor de servi\u00e7o social conta com duas assistentes sociais (uma em cada turno) atuando em todos os setores do hospital.<\/p>\n\n\n\n<p>O objetivo principal \u00e9 garantir os direitos sociais, acolhendo o paciente e seus familiares nas suas necessidades. Identificar a rela\u00e7\u00e3o entre os recursos institucionais necess\u00e1rios e dispon\u00edveis, o perfil dos usu\u00e1rios e as demandas (reais e potenciais), identificando e estabelecendo prioridades entreas demandas.<\/p>\n\n\n\n<p>Criar mecanismos (rotinas) e a\u00e7\u00f5es que facilitem o conhecimento e o acesso do usu\u00e1rio aos servi\u00e7os oferecidos pela unidade hospitalar e pela rede de sa\u00fade, potencializando a utiliza\u00e7\u00e3o dos recursos institucionais e facilitando a participa\u00e7\u00e3o dos usu\u00e1rios\/fam\u00edlias no controle social dos servi\u00e7os prestados.<\/p>\n\n\n\n<p>Participar e potencializar a intera\u00e7\u00e3o com as equipes multiprofissionais, para melhor encaminhamento das necessidades dos pacientes.<\/p>\n\n\n\n<p>A partir da abordagem do assistente social, discutir o processo de refer\u00eancia e contra referencia com a Rede de Aten\u00e7\u00e3o \u00e1 sa\u00fade, Rede de Aten\u00e7\u00e3o Psicossocial, Rede Intersetoriale outros espa\u00e7os necess\u00e1rios para discutir e planejar a\u00e7\u00f5es necess\u00e1rias a partir do estudo das demandas reais e demandas reprimidas. <a><\/a><\/p>\n\n\n\n<p>Atualizar constantemente o sistema de registro e a organiza\u00e7\u00e3o da documenta\u00e7\u00e3o do Servi\u00e7o Social, de forma a possibilitar a sistematiza\u00e7\u00e3o dos dados necess\u00e1rios ao planejamento e \u00e0 avalia\u00e7\u00e3o das a\u00e7\u00f5es realizadas (documento de registro de entrevistas, reuni\u00e3o, relat\u00f3rios, anota\u00e7\u00f5es em prontu\u00e1rio, pareceres).<\/p>\n","protected":false},"excerpt":{"rendered":"<p>O atendimento do Servi\u00e7o Social na Santa Casa de Miseric\u00f3rdia \u00e9 realizado por demanda espont\u00e2nea e consultorias.No atendimento assistencial,o profissional presta aux\u00edlio aos pacientes e familiares, de acordo com as singularidades e particularidades de cada caso. O setor de servi\u00e7o social conta com duas assistentes sociais (uma em cada turno) atuando em todos os setores [&hellip;]<\/p>\n","protected":false},"author":1,"featured_media":0,"parent":0,"menu_order":0,"comment_status":"closed","ping_status":"closed","template":"","meta":{"_acf_changed":false,"footnotes":""},"class_list":["post-111","page","type-page","status-publish","hentry"],"acf":[],"_links":{"self":[{"href":"https:\/\/santacasasls.com.br\/site\/wp-json\/wp\/v2\/pages\/111","targetHints":{"allow":["GET"]}}],"collection":[{"href":"https:\/\/santacasasls.com.br\/site\/wp-json\/wp\/v2\/pages"}],"about":[{"href":"https:\/\/santacasasls.com.br\/site\/wp-json\/wp\/v2\/types\/page"}],"author":[{"embeddable":true,"href":"https:\/\/santacasasls.com.br\/site\/wp-json\/wp\/v2\/users\/1"}],"replies":[{"embeddable":true,"href":"https:\/\/santacasasls.com.br\/site\/wp-json\/wp\/v2\/comments?post=111"}],"version-history":[{"count":1,"href":"https:\/\/santacasasls.com.br\/site\/wp-json\/wp\/v2\/pages\/111\/revisions"}],"predecessor-version":[{"id":112,"href":"https:\/\/santacasasls.com.br\/site\/wp-json\/wp\/v2\/pages\/111\/revisions\/112"}],"wp:attachment":[{"href":"https:\/\/santacasasls.com.br\/site\/wp-json\/wp\/v2\/media?parent=111"}],"curies":[{"name":"wp","href":"https:\/\/api.w.org\/{rel}","templated":true}]}}