{"id":109,"date":"2022-07-25T13:27:12","date_gmt":"2022-07-25T16:27:12","guid":{"rendered":"https:\/\/santacasasls.com.br\/site\/\/?page_id=109"},"modified":"2022-07-25T13:27:12","modified_gmt":"2022-07-25T16:27:12","slug":"servico-de-psicologia","status":"publish","type":"page","link":"https:\/\/santacasasls.com.br\/site\/servico-de-psicologia\/","title":{"rendered":"Servi\u00e7o de Psicologia"},"content":{"rendered":"\n<p>O servi\u00e7o de Psicologia foi implantado nesta institui\u00e7\u00e3o com o intuito da somatiza\u00e7\u00e3oespecificamente ao tratamento das diversas anomalias, patologias e sofrimento mental no \u00e2mbito psiqui\u00e1trico.<\/p>\n\n\n\n<p>Logo, a psicologia expandiu seu atendimento devido \u00e0s demandas e necessidades em outros \u00e2mbitos, tornando-se al\u00e9m de uma ferramenta importante no tratamento dos pacientes, suporte familiar, tamb\u00e9m aos pr\u00f3prios colaboradores, com papel importante desde a sele\u00e7\u00e3o dos mesmos.<\/p>\n","protected":false},"excerpt":{"rendered":"<p>O servi\u00e7o de Psicologia foi implantado nesta institui\u00e7\u00e3o com o intuito da somatiza\u00e7\u00e3oespecificamente ao tratamento das diversas anomalias, patologias e sofrimento mental no \u00e2mbito psiqui\u00e1trico. Logo, a psicologia expandiu seu atendimento devido \u00e0s demandas e necessidades em outros \u00e2mbitos, tornando-se al\u00e9m de uma ferramenta importante no tratamento dos pacientes, suporte familiar, tamb\u00e9m aos pr\u00f3prios colaboradores, [&hellip;]<\/p>\n","protected":false},"author":1,"featured_media":0,"parent":0,"menu_order":0,"comment_status":"closed","ping_status":"closed","template":"","meta":{"_acf_changed":false,"footnotes":""},"class_list":["post-109","page","type-page","status-publish","hentry"],"acf":[],"_links":{"self":[{"href":"https:\/\/santacasasls.com.br\/site\/wp-json\/wp\/v2\/pages\/109","targetHints":{"allow":["GET"]}}],"collection":[{"href":"https:\/\/santacasasls.com.br\/site\/wp-json\/wp\/v2\/pages"}],"about":[{"href":"https:\/\/santacasasls.com.br\/site\/wp-json\/wp\/v2\/types\/page"}],"author":[{"embeddable":true,"href":"https:\/\/santacasasls.com.br\/site\/wp-json\/wp\/v2\/users\/1"}],"replies":[{"embeddable":true,"href":"https:\/\/santacasasls.com.br\/site\/wp-json\/wp\/v2\/comments?post=109"}],"version-history":[{"count":1,"href":"https:\/\/santacasasls.com.br\/site\/wp-json\/wp\/v2\/pages\/109\/revisions"}],"predecessor-version":[{"id":110,"href":"https:\/\/santacasasls.com.br\/site\/wp-json\/wp\/v2\/pages\/109\/revisions\/110"}],"wp:attachment":[{"href":"https:\/\/santacasasls.com.br\/site\/wp-json\/wp\/v2\/media?parent=109"}],"curies":[{"name":"wp","href":"https:\/\/api.w.org\/{rel}","templated":true}]}}