{"id":107,"date":"2022-07-25T13:26:31","date_gmt":"2022-07-25T16:26:31","guid":{"rendered":"https:\/\/santacasasls.com.br\/site\/\/?page_id=107"},"modified":"2022-07-25T13:26:31","modified_gmt":"2022-07-25T16:26:31","slug":"fisioterapia","status":"publish","type":"page","link":"https:\/\/santacasasls.com.br\/site\/fisioterapia\/","title":{"rendered":"Fisioterapia"},"content":{"rendered":"\n<p>A Fisioterapia \u00e9 um setor que atua diretamente com os pacientes internados.<\/p>\n\n\n\n<p>No ambiente hospitalar, o Fisioterapeuta tem como responsabilidade avaliar, desenvolver e colocar em pr\u00e1tica os procedimentos para diferentes condi\u00e7\u00f5es, como o p\u00f3s-operat\u00f3rio, tratamento das mais diversas patologias, para prevenir as poss\u00edveis complica\u00e7\u00f5es respirat\u00f3rias, neurol\u00f3gicas e motoras originadas durante o processo de interna\u00e7\u00e3o<a><\/a> do paciente no hospital.<\/p>\n","protected":false},"excerpt":{"rendered":"<p>A Fisioterapia \u00e9 um setor que atua diretamente com os pacientes internados. No ambiente hospitalar, o Fisioterapeuta tem como responsabilidade avaliar, desenvolver e colocar em pr\u00e1tica os procedimentos para diferentes condi\u00e7\u00f5es, como o p\u00f3s-operat\u00f3rio, tratamento das mais diversas patologias, para prevenir as poss\u00edveis complica\u00e7\u00f5es respirat\u00f3rias, neurol\u00f3gicas e motoras originadas durante o processo de interna\u00e7\u00e3o do [&hellip;]<\/p>\n","protected":false},"author":1,"featured_media":0,"parent":0,"menu_order":0,"comment_status":"closed","ping_status":"closed","template":"","meta":{"_acf_changed":false,"footnotes":""},"class_list":["post-107","page","type-page","status-publish","hentry"],"acf":[],"_links":{"self":[{"href":"https:\/\/santacasasls.com.br\/site\/wp-json\/wp\/v2\/pages\/107","targetHints":{"allow":["GET"]}}],"collection":[{"href":"https:\/\/santacasasls.com.br\/site\/wp-json\/wp\/v2\/pages"}],"about":[{"href":"https:\/\/santacasasls.com.br\/site\/wp-json\/wp\/v2\/types\/page"}],"author":[{"embeddable":true,"href":"https:\/\/santacasasls.com.br\/site\/wp-json\/wp\/v2\/users\/1"}],"replies":[{"embeddable":true,"href":"https:\/\/santacasasls.com.br\/site\/wp-json\/wp\/v2\/comments?post=107"}],"version-history":[{"count":1,"href":"https:\/\/santacasasls.com.br\/site\/wp-json\/wp\/v2\/pages\/107\/revisions"}],"predecessor-version":[{"id":108,"href":"https:\/\/santacasasls.com.br\/site\/wp-json\/wp\/v2\/pages\/107\/revisions\/108"}],"wp:attachment":[{"href":"https:\/\/santacasasls.com.br\/site\/wp-json\/wp\/v2\/media?parent=107"}],"curies":[{"name":"wp","href":"https:\/\/api.w.org\/{rel}","templated":true}]}}