{"id":101,"date":"2022-07-25T13:24:25","date_gmt":"2022-07-25T16:24:25","guid":{"rendered":"https:\/\/santacasasls.com.br\/site\/\/?page_id=101"},"modified":"2022-08-17T08:51:28","modified_gmt":"2022-08-17T11:51:28","slug":"servicos-hospitalares","status":"publish","type":"page","link":"https:\/\/santacasasls.com.br\/site\/servicos-hospitalares\/","title":{"rendered":"Servi\u00e7os Hospitalares"},"content":{"rendered":"\n<p><a href=\"https:\/\/santacasasls.com.br\/site\/farmacia-interna-hospitalar\/\" data-type=\"page\" data-id=\"103\" target=\"_blank\" rel=\"noreferrer noopener\">Farm\u00e1cia Interna Hospitalar<\/a><\/p>\n\n\n\n<p><a href=\"https:\/\/santacasasls.com.br\/site\/fisioterapia-do-trabalho\/\" data-type=\"page\" data-id=\"105\" target=\"_blank\" rel=\"noreferrer noopener\">Fisioterapia do Trabalho<\/a><\/p>\n\n\n\n<p><a href=\"https:\/\/santacasasls.com.br\/site\/fisioterapia\/\" data-type=\"page\" data-id=\"107\" target=\"_blank\" rel=\"noreferrer noopener\">Fisioterapia<\/a><\/p>\n\n\n\n<p><a href=\"https:\/\/santacasasls.com.br\/site\/servico-de-psicologia\/\" data-type=\"page\" data-id=\"109\" target=\"_blank\" rel=\"noreferrer noopener\">Servi\u00e7o de Psicologia<\/a><\/p>\n\n\n\n<p><a href=\"https:\/\/santacasasls.com.br\/site\/servico-social\/\" data-type=\"page\" data-id=\"111\" target=\"_blank\" rel=\"noreferrer noopener\">Servi\u00e7o social<\/a><\/p>\n","protected":false},"excerpt":{"rendered":"<p>Farm\u00e1cia Interna Hospitalar Fisioterapia do Trabalho Fisioterapia Servi\u00e7o de Psicologia Servi\u00e7o social<\/p>\n","protected":false},"author":1,"featured_media":0,"parent":0,"menu_order":0,"comment_status":"closed","ping_status":"closed","template":"","meta":{"_acf_changed":false,"footnotes":""},"class_list":["post-101","page","type-page","status-publish","hentry"],"acf":[],"_links":{"self":[{"href":"https:\/\/santacasasls.com.br\/site\/wp-json\/wp\/v2\/pages\/101","targetHints":{"allow":["GET"]}}],"collection":[{"href":"https:\/\/santacasasls.com.br\/site\/wp-json\/wp\/v2\/pages"}],"about":[{"href":"https:\/\/santacasasls.com.br\/site\/wp-json\/wp\/v2\/types\/page"}],"author":[{"embeddable":true,"href":"https:\/\/santacasasls.com.br\/site\/wp-json\/wp\/v2\/users\/1"}],"replies":[{"embeddable":true,"href":"https:\/\/santacasasls.com.br\/site\/wp-json\/wp\/v2\/comments?post=101"}],"version-history":[{"count":2,"href":"https:\/\/santacasasls.com.br\/site\/wp-json\/wp\/v2\/pages\/101\/revisions"}],"predecessor-version":[{"id":243,"href":"https:\/\/santacasasls.com.br\/site\/wp-json\/wp\/v2\/pages\/101\/revisions\/243"}],"wp:attachment":[{"href":"https:\/\/santacasasls.com.br\/site\/wp-json\/wp\/v2\/media?parent=101"}],"curies":[{"name":"wp","href":"https:\/\/api.w.org\/{rel}","templated":true}]}}